atest common factor of 54 and l?
18
Suppose 21 = -3*o + 81. Calculate the greatest common factor of o and 50.
10
Suppose 0 = -a + 5*a + 3*x - 26, 0 = 3*a - x - 26. Calculate the greatest common factor of 4 and a.
4
Let p = 254 - 146. Let y(u) = u + 7. Let d be y(5). What is the highest common factor of d and p?
12
Let p = 2 + -9. Let r = -4 - p. Let l be ((-6)/(-9))/(2/3). What is the greatest common factor of r and l?
1
Suppose -3*s - 2*z = -180 - 32, 3*z - 3 = 0. Calculate the highest common factor of 10 and s.
10
Suppose -74 = -z + 4*v, -2*v = 3*v - 20. What is the highest common factor of 18 and z?
18
Suppose 143 = 3*t - 61. Suppose -4*u - 13 = 2*f - 87, -5*u - f + 88 = 0. Calculate the greatest common divisor of t and u.
17
Let v be (-146)/(-12) + 1/(-6). Let t = 5 + -14. Let y = t + v. What is the greatest common factor of 3 and y?
3
Let r be (-4 - -7)*(-20)/(-6). Let s = 161 - 71. What is the highest common divisor of s and r?
10
Suppose -327 = -3*s + 5*g, -5*s + 332 = 2*g - 182. Suppose -u + 104 = 7*u. Calculate the greatest common factor of u and s.
13
Suppose -m - 31 - 41 = -5*t, -4*t + 66 = -5*m. Let h = t + -2. What is the highest common factor of 36 and h?
12
Let m(a) = 5 - a + 2 - a. Let r be m(0). What is the greatest common factor of 1 and r?
1
Let c be (-2)/(8/(-10))*14. Suppose -4*o = -2*p + 366, -3*p = -10*o + 5*o - 545. What is the greatest common divisor of p and c?
35
Let z be 5*-20*(-26)/4. Suppose 2*q + z = 7*q. Suppose -b + 14 + q = 0. What is the highest common divisor of 18 and b?
18
Suppose 0 = -p + 78 + 156. What is the greatest common factor of 26 and p?
26
Suppose 12 = -u + 5*u. Let w = -12 + 27. Suppose 3*p - w = 12. What is the greatest common divisor of p and u?
3
Let i = 14 + -22. Let b be (-159)/(-15) - i/20. What is the greatest common factor of b and 121?
11
Let n(g) be the second derivative of g**5/10 + g**4/6 - g**3/6 - g**2 + 2*g. Let j be n(2). Calculate the greatest common divisor of j and 5.
5
Suppose -17 = -y + 5. Let v be y + -2 + 1/1. Let w = v + -11. What is the highest common factor of 70 and w?
10
Let l be 4/10 + (-13)/(-5). Suppose 0 = -3*t + 24 + 3. Let y(p) = p**3 - 8*p**2 - 8*p - 3. Let v be y(t). What is the highest common divisor of v and l?
3
Let y(p) = -2*p - 4. Let s(j) = -j + 2. Let z be s(7). Let h be y(z). Let w be ((-3)/(-9))/((-3)/(-54)). Calculate the highest common divisor of w and h.
6
Let b = 16 + -4. Let j be 12*(-4 - (-147)/b). What is the greatest common divisor of j and 9?
9
Let i be (1 - -2)/(-3) + 10. Let y be -1*(-18)/(-2 - 0). Let k(d) = -2*d - 9. Let h be k(y). What is the highest common divisor of i and h?
9
Let d(f) = -f**2 + 11*f + 2. Let s be d(6). Suppose -a = -8 - 0. Let o be a/(1/(-4)*-4). Calculate the highest common divisor of o and s.
8
Let k(m) = m. Let i be k(5). Let z(d) = -d**3 + 9*d**2 + d + 1 + 3 + 11*d - 4*d**2. Let g be z(6). What is the greatest common factor of g and i?
5
Suppose 3 = -4*t - 3*l - 0, 4*l = 3*t - 4. Suppose s + t = 15. Calculate the highest common divisor of s and 135.
15
Let h(b) = 14*b + 2. Let t be 0 + 6 - (4 - 3). Let m be h(t). What is the greatest common divisor of 9 and m?
9
Let v = -2 + 6. Let i be (-76)/(-18) + v/(-18). Suppose i*n - 3*h = 1, n = -0*n - 3*h + 4. What is the highest common divisor of n and 9?
1
Let l = 81 - 69. Calculate the greatest common divisor of l and 108.
12
Let s be (6/1)/(-6)*(-1 - 6). What is the highest common factor of 49 and s?
7
Let j = -2 + 4. Suppose -g + j*g = 12. Suppose -5*n = -5, 2*n = 3*z - 6*z + 254. What is the highest common factor of z and g?
12
Let t(o) = -9*o + 2. Let v(p) = -9*p + 2. Let g(f) = 4*t(f) - 5*v(f). Let m be 2/4 - 3/(-2). Let s be g(m). What is the highest common divisor of 40 and s?
8
Let o(c) = c + 13. Let q be (1 - 10) + 4 + -6. Let b be o(q). Suppose 0 = -0*a + 4*a - 32. What is the greatest common divisor of a and b?
2
Let s be 46*1 + (5 - 4 - 2). Let p be -1 - -2 - (-1 - 3). What is the highest common divisor of p and s?
5
Let h be (4 + -1)/(3/2). Suppose -50*z - 15 = -53*z. Calculate the greatest common divisor of h and z.
1
Suppose 6*d - 3 - 3 = 0. What is the highest common divisor of 4 and d?
1
Let r = 237 - 167. What is the highest common divisor of 14 and r?
14
Suppose 10*t - 34 = 9*t. Calculate the greatest common factor of 34 and t.
34
Let v(o) = 7*o + 5. Let g be v(5). Suppose w + 9 = -5*a, -5*a - 4*w = -7*w + 13. Let r be 5*(a + (2 - -1)). Calculate the greatest common factor of g and r.
5
Suppose -9*p + 554 + 58 = 0. Suppose -2 + 12 = 5*b. Suppose -b = 4*v - 70. Calculate the highest common divisor of p and v.
17
Suppose -7*m + 200 = -2*m. Suppose 2*l - 5*l = -24. Calculate the greatest common factor of l and m.
8
Let t(h) = -h - 1. Let y be t(-5). Let i(q) = -q**2 + 14*q + 12. Let s be i(14). Suppose s = -3*a + 4*a. Calculate the greatest common factor of y and a.
4
Suppose 0 = -5*u - 5 + 25, 5*x - u - 176 = 0. What is the greatest common divisor of 72 and x?
36
Let k(s) = s**2 - 5*s + 139. Let q(p) = p**2 - 6*p + 138. Let z(u) = 6*k(u) - 5*q(u). Let r be z(0). What is the greatest common divisor of 16 and r?
16
Let m = -1 + 2. Let r be (-9)/(-6)*(-32)/(-6). What is the greatest common divisor of m and r?
1
Let s = 8 - 2. Let d be (-9)/15 - (-244)/(-10). Let o = d - -91. What is the highest common divisor of s and o?
6
Let i = -4 - -14. Calculate the greatest common factor of i and 70.
10
Let t be 0/(4*(-2)/(-8)). Suppose -5*g + 21 + 14 = t. Calculate the greatest common factor of g and 77.
7
Suppose 0 = -5*z, -2*z + 44 = 2*b - 0*z. What is the highest common divisor of 110 and b?
22
Let r = 54 - 31. Suppose -r = -5*y + 4*w + 6, 5*y - 5*w = 30. Suppose -1 - y = -p. Calculate the greatest common factor of p and 15.
3
Let u = -30 + 81. Suppose -5*q = -43 - 42. Calculate the greatest common factor of q and u.
17
Let p(u) = u + 14. Let j be p(0). What is the greatest common divisor of 14 and j?
14
Let w(s) be the third derivative of 3*s**4/8 + s**3/2 + 9*s**2. Let v be w(3). What is the highest common factor of 12 and v?
6
Suppose 6 = g - 4*g. Let x be (1/(-3))/(g/(-6)). Let w be ((-1)/(-3))/(x/(-33)). Calculate the highest common divisor of 33 and w.
11
Let n be 4/(-5 + 247/49). Calculate the greatest common divisor of 245 and n.
49
Suppose -5 = -h + 5. Calculate the highest common divisor of 70 and h.
10
Let p(z) = -z**3 + 3*z**2 + 2*z - 3. Let m be p(3). Suppose -a + 484 = m*a. Calculate the highest common divisor of a and 11.
11
Let x = 3 - -3. Let z be ((0/2)/2)/1. Let s = x - z. What is the highest common factor of 30 and s?
6
Let s be -2 - ((-2)/2 + -12). Calculate the greatest common factor of 33 and s.
11
Let v be 7/(7/(-2)) + 0. Let z(a) = -3*a. Let d be z(v). Calculate the highest common divisor of 6 and d.
6
Suppose 19*l = 21*l - 38. Calculate the greatest common divisor of l and 38.
19
Suppose -2 = 4*q - 6. Let h be q - (-29 - (-2)/(-1)). Suppose -3*t + h = -10. What is the greatest common divisor of 2 and t?
2
Let m be -40*(-9)/(45/10). What is the highest common divisor of 40 and m?
40
Suppose 0 = 5*s - 5*o + 14 - 139, 95 = 4*s + o. Suppose -16 = 77*r - 78*r. What is the highest common factor of s and r?
8
Let k be -1 - (9 - 0)*1. Let d = k - -30. Suppose 1 = 4*q - 31. Calculate the highest common divisor of q and d.
4
Let l(i) be the second derivative of i**5/20 + 3*i**4/4 - 11*i**3/6 - 3*i**2 + 2*i. Let k be l(-10). Calculate the greatest common factor of k and 1.
1
Let w = 44 - 26. Calculate the greatest common divisor of w and 2.
2
Let s(z) = z**2 + 6*z + 7. Let g be s(8). Calculate the highest common factor of g and 17.
17
Suppose -5*o + 2 + 8 = 0. Suppose 4*t - 16 = -n + o, 44 = 4*n + 2*t. What is the highest common factor of n and 2?
2
Suppose 0 = 3*r + 5*m - 13, -4*r - 2*m + 36 = -0. What is the greatest common divisor of r and 11?
11
Suppose 15 - 87 = -4*f. Calculate the highest common divisor of 2 and f.
2
Let f(x) = 2*x**2 + 5*x + 6. Let d be f(6). Calculate the greatest common divisor of d and 12.
12
Suppose 0*s + 2*s = 216. Let z = -93 + 105. Calculate the greatest common divisor of s and z.
12
Suppose 288 = 6*k - 42. What is the highest common factor of 22 and k?
11
Let d be 6/(-4)*(1 + 1). Let i be d - (0 + 2*-6). Calcula